{"id":4091,"date":"2022-07-31T19:42:23","date_gmt":"2022-07-31T19:42:23","guid":{"rendered":"http:\/\/cbacred.org.br\/site\/?page_id=4091"},"modified":"2022-10-21T16:38:59","modified_gmt":"2022-10-21T16:38:59","slug":"noticias-e-artigos","status":"publish","type":"page","link":"https:\/\/cbacred.org.br\/site\/noticias-e-artigos\/","title":{"rendered":"Not\u00edcias e Artigos"},"content":{"rendered":"<p>[et_pb_section fb_built=&#8221;1&#8243; custom_padding_last_edited=&#8221;on|phone&#8221; _builder_version=&#8221;4.17.6&#8243; _module_preset=&#8221;default&#8221; background_image=&#8221;http:\/\/cbacred.org.br\/site\/wp-content\/uploads\/2019\/03\/header_cba_geral.png&#8221; background_position=&#8221;top_left&#8221; custom_padding=&#8221;||150px||false|false&#8221; custom_padding_tablet=&#8221;||150px||false|false&#8221; custom_padding_phone=&#8221;||0px||false|false&#8221; global_colors_info=&#8221;{}&#8221;][et_pb_row _builder_version=&#8221;4.17.6&#8243; _module_preset=&#8221;default&#8221; global_colors_info=&#8221;{}&#8221;][et_pb_column type=&#8221;4_4&#8243; _builder_version=&#8221;4.17.6&#8243; _module_preset=&#8221;default&#8221; global_colors_info=&#8221;{}&#8221;][et_pb_divider show_divider=&#8221;off&#8221; _builder_version=&#8221;4.17.6&#8243; _module_preset=&#8221;default&#8221; custom_margin=&#8221;70px||||false|false&#8221; global_colors_info=&#8221;{}&#8221;][\/et_pb_divider][\/et_pb_column][\/et_pb_row][\/et_pb_section][et_pb_section fb_built=&#8221;1&#8243; _builder_version=&#8221;4.17.6&#8243; _module_preset=&#8221;default&#8221; background_image=&#8221;http:\/\/cbacred.org.br\/site\/wp-content\/uploads\/2022\/07\/bg1.png&#8221; background_size=&#8221;initial&#8221; background_position=&#8221;bottom_right&#8221; background_last_edited=&#8221;on|tablet&#8221; background_horizontal_offset_tablet=&#8221;7%&#8221; background_horizontal_offset_phone=&#8221;11%&#8221; global_colors_info=&#8221;{}&#8221;][et_pb_row _builder_version=&#8221;4.17.6&#8243; _module_preset=&#8221;default&#8221; global_colors_info=&#8221;{}&#8221;][et_pb_column type=&#8221;4_4&#8243; _builder_version=&#8221;4.17.6&#8243; _module_preset=&#8221;default&#8221; global_colors_info=&#8221;{}&#8221;][et_pb_text _builder_version=&#8221;4.18.0&#8243; _module_preset=&#8221;default&#8221; text_text_color=&#8221;gcid-8c44f9b7-265f-47ed-9c7c-298d05c12eee&#8221; header_font=&#8221;|700|||||||&#8221; header_text_align=&#8221;left&#8221; header_text_color=&#8221;gcid-8c44f9b7-265f-47ed-9c7c-298d05c12eee&#8221; header_font_size=&#8221;45px&#8221; header_2_font=&#8221;Raleway|700|||||||&#8221; header_2_text_align=&#8221;left&#8221; header_2_text_color=&#8221;gcid-8c44f9b7-265f-47ed-9c7c-298d05c12eee&#8221; header_2_font_size=&#8221;34px&#8221; custom_margin=&#8221;0px||0px||false|false&#8221; custom_padding=&#8221;0px||0px||false|false&#8221; header_font_size_tablet=&#8221;52px&#8221; header_font_size_phone=&#8221;38px&#8221; header_font_size_last_edited=&#8221;on|phone&#8221; header_2_font_size_tablet=&#8221;32px&#8221; header_2_font_size_phone=&#8221;20px&#8221; header_2_font_size_last_edited=&#8221;on|tablet&#8221; header_2_line_height_tablet=&#8221;1.4em&#8221; header_2_line_height_phone=&#8221;1.6em&#8221; header_2_line_height_last_edited=&#8221;on|tablet&#8221; global_colors_info=&#8221;{%22gcid-8c44f9b7-265f-47ed-9c7c-298d05c12eee%22:%91%22header_2_text_color%22,%22header_2_text_color%22,%22text_text_color%22,%22header_text_color%22,%22header_2_text_color%22,%22header_2_text_color%22,%22text_text_color%22,%22header_text_color%22,%22header_2_text_color%22,%22header_2_text_color%22,%22text_text_color%22,%22header_text_color%22%93}&#8221;]<\/p>\n<div class=\"tatsu-rJWDwFpRwE tatsu-section    tatsu-clearfix\" data-title=\"\" data-headerscheme=\"background--dark\">\n<div class=\"tatsu-section-pad clearfix\" data-padding=\"{&quot;d&quot;:&quot;80px 0px 20px 0px&quot;}\" data-padding-top=\"80px\">\n<div class=\"tatsu-row-wrap  tatsu-wrap tatsu-row-one-col tatsu-row-has-one-cols tatsu-medium-gutter tatsu-reg-cols  tatsu-clearfix tatsu-HyevvFaRP4\">\n<div class=\"tatsu-row \">\n<div class=\"tatsu-column  tatsu-column-no-bg tatsu-one-col tatsu-column-image-none tatsu-column-effect-none  tatsu-ryDvK6CvN\" data-parallax-speed=\"0\">\n<div class=\"tatsu-column-inner \">\n<div class=\"tatsu-column-pad-wrap\">\n<div class=\"tatsu-column-pad\">\n<div class=\"tatsu-module tatsu-text-block-wrap tatsu-H16V56RwE  \">\n<div class=\"tatsu-text-inner tatsu-align-center  clearfix\">\n<h1>Artigos e Not\u00edcias<\/h1>\n<\/div>\n<\/div>\n<\/div>\n<\/div>\n<div class=\"tatsu-column-bg-image-wrap\">\n<div class=\"tatsu-column-bg-image\"><\/div>\n<\/div>\n<\/div>\n<\/div>\n<\/div>\n<\/div>\n<\/div>\n<div class=\"tatsu-section-background-wrap\">\n<div class=\"tatsu-section-background\"><\/div>\n<\/div>\n<\/div>\n<div class=\"tatsu-rJ-SPqTADE tatsu-section    tatsu-clearfix\" data-title=\"\" data-headerscheme=\"background--dark\">\n<div class=\"tatsu-section-pad clearfix\" data-padding=\"{&quot;d&quot;:&quot;0px 0px 19px 0px&quot;}\" data-padding-top=\"0px\">\n<div class=\"tatsu-row-wrap  tatsu-wrap tatsu-row-has-two-cols tatsu-medium-gutter tatsu-reg-cols  tatsu-clearfix tatsu-SyxBP560w4\">\n<div class=\"tatsu-row \">\n<div class=\"tatsu-column  tatsu-column-no-bg tatsu-two-third tatsu-column-image-none tatsu-column-effect-none  tatsu-rkyK9T0DE\" data-parallax-speed=\"0\">\n<div class=\"tatsu-column-inner \">\n<div class=\"tatsu-column-pad-wrap\">\n<div class=\"tatsu-column-pad\">\n<div class=\"tatsu-module tatsu-text-block-wrap tatsu-B14Fq6AvE  \">\n<div class=\"tatsu-text-inner tatsu-align-center  clearfix\">\n<p>&nbsp;<\/p>\n<\/div>\n<\/div>\n<\/div>\n<\/div>\n<\/div>\n<\/div>\n<\/div>\n<\/div>\n<\/div>\n<\/div>\n<p>[\/et_pb_text][\/et_pb_column][\/et_pb_row][et_pb_row column_structure=&#8221;3_4,1_4&#8243; _builder_version=&#8221;4.17.6&#8243; _module_preset=&#8221;default&#8221; global_colors_info=&#8221;{}&#8221;][et_pb_column type=&#8221;3_4&#8243; _builder_version=&#8221;4.17.6&#8243; _module_preset=&#8221;default&#8221; global_colors_info=&#8221;{}&#8221;][et_pb_blog fullwidth=&#8221;off&#8221; include_categories=&#8221;all&#8221; meta_date=&#8221;j M, Y&#8221; excerpt_length=&#8221;150&#8243; show_more=&#8221;on&#8221; show_author=&#8221;off&#8221; show_categories=&#8221;off&#8221; _builder_version=&#8221;4.18.0&#8243; _module_preset=&#8221;default&#8221; hover_enabled=&#8221;0&#8243; global_colors_info=&#8221;{}&#8221; sticky_enabled=&#8221;0&#8243;][\/et_pb_blog][\/et_pb_column][et_pb_column type=&#8221;1_4&#8243; _builder_version=&#8221;4.17.6&#8243; _module_preset=&#8221;default&#8221; global_colors_info=&#8221;{}&#8221;][et_pb_image src=&#8221;http:\/\/cbacred.org.br\/site\/wp-content\/uploads\/2019\/02\/logo_site_grande.png&#8221; title_text=&#8221;logo_site_grande&#8221; disabled_on=&#8221;on|off|off&#8221; _builder_version=&#8221;4.17.6&#8243; _module_preset=&#8221;default&#8221; max_width=&#8221;300px&#8221; global_colors_info=&#8221;{}&#8221;][\/et_pb_image][et_pb_image src=&#8221;http:\/\/cbacred.org.br\/site\/wp-content\/uploads\/2019\/03\/JCI.png&#8221; title_text=&#8221;logo_site_grande&#8221; disabled_on=&#8221;on|off|off&#8221; _builder_version=&#8221;4.17.6&#8243; _module_preset=&#8221;default&#8221; global_colors_info=&#8221;{}&#8221;][\/et_pb_image][\/et_pb_column][\/et_pb_row][\/et_pb_section][et_pb_section fb_built=&#8221;1&#8243; admin_label=&#8221;Footer&#8221; _builder_version=&#8221;4.17.6&#8243; _module_preset=&#8221;default&#8221; background_enable_color=&#8221;off&#8221; background_image=&#8221;http:\/\/cbacred.org.br\/site\/wp-content\/uploads\/2022\/07\/bg2.png&#8221; background_size=&#8221;initial&#8221; background_position=&#8221;top_right&#8221; min_height=&#8221;376.8px&#8221; custom_margin=&#8221;||||false|false&#8221; custom_padding=&#8221;0px||||false|false&#8221; background_last_edited=&#8221;on|desktop&#8221; background_size_phone=&#8221;cover&#8221; background_position_phone=&#8221;top_left&#8221; background_horizontal_offset_tablet=&#8221;7%&#8221; background_horizontal_offset_phone=&#8221;74%&#8221; global_module=&#8221;4023&#8243; saved_tabs=&#8221;all&#8221; locked=&#8221;off&#8221; global_colors_info=&#8221;{}&#8221;][et_pb_row column_structure=&#8221;1_3,1_3,1_3&#8243; _builder_version=&#8221;4.17.6&#8243; _module_preset=&#8221;default&#8221; global_colors_info=&#8221;{}&#8221;][et_pb_column type=&#8221;1_3&#8243; _builder_version=&#8221;4.16&#8243; _module_preset=&#8221;default&#8221; global_colors_info=&#8221;{}&#8221;][et_pb_social_media_follow use_icon_font_size=&#8221;on&#8221; icon_font_size=&#8221;21px&#8221; _builder_version=&#8221;4.17.6&#8243; _module_preset=&#8221;default&#8221; text_orientation=&#8221;left&#8221; custom_margin=&#8221;||0px||false|false&#8221; custom_padding=&#8221;||0px||false|false&#8221; border_radii=&#8221;on|100px|100px|100px|100px&#8221; border_width_all=&#8221;9px&#8221; border_color_all=&#8221;gcid-8c44f9b7-265f-47ed-9c7c-298d05c12eee&#8221; global_colors_info=&#8221;{%22gcid-8c44f9b7-265f-47ed-9c7c-298d05c12eee%22:%91%22border_color_all%22%93}&#8221;][et_pb_social_media_follow_network social_network=&#8221;linkedin&#8221; url=&#8221;https:\/\/www.linkedin.com\/company\/acreditacaointernacional\/&#8221; _builder_version=&#8221;4.17.6&#8243; _module_preset=&#8221;default&#8221; background_color=&#8221;#007bb6&#8243; global_colors_info=&#8221;{}&#8221; follow_button=&#8221;off&#8221; url_new_window=&#8221;on&#8221;]linkedin[\/et_pb_social_media_follow_network][et_pb_social_media_follow_network social_network=&#8221;whatsapp&#8221; url=&#8221;https:\/\/wa.me\/552132998200&#8243; _builder_version=&#8221;4.17.6&#8243; _module_preset=&#8221;default&#8221; background_color=&#8221;#25D366&#8243; global_colors_info=&#8221;{}&#8221; follow_button=&#8221;off&#8221; url_new_window=&#8221;on&#8221;]whatsapp[\/et_pb_social_media_follow_network][et_pb_social_media_follow_network social_network=&#8221;instagram&#8221; url=&#8221;https:\/\/www.instagram.com\/acreditacaointernacional\/&#8221; _builder_version=&#8221;4.17.6&#8243; _module_preset=&#8221;default&#8221; background_color=&#8221;#ea2c59&#8243; global_colors_info=&#8221;{}&#8221; follow_button=&#8221;off&#8221; url_new_window=&#8221;on&#8221;]instagram[\/et_pb_social_media_follow_network][\/et_pb_social_media_follow][\/et_pb_column][et_pb_column type=&#8221;1_3&#8243; _builder_version=&#8221;4.16&#8243; _module_preset=&#8221;default&#8221; global_colors_info=&#8221;{}&#8221;][et_pb_text content_tablet=&#8221;&#8221; content_phone=&#8221;<\/p>\n<h3>Rio de Janeiro<\/h3>\n<p>R. da Alf\u00e2ndega, 100\/3\u00ba andar,<br \/>Centro &#8211; Rio de Janeiro \u2013 RJ<\/p>\n<p>&#8221; content_last_edited=&#8221;on|phone&#8221; _builder_version=&#8221;4.17.6&#8243; _module_preset=&#8221;29bb3e4b-c4aa-4616-b935-758c4e4734e8&#8243; text_font=&#8221;Raleway||||||||&#8221; text_text_color=&#8221;#FFFFFF&#8221; text_font_size=&#8221;16px&#8221; header_font=&#8221;||||||||&#8221; header_3_font=&#8221;Poppins|600|||||||&#8221; header_3_text_color=&#8221;#FFFFFF&#8221; header_3_font_size=&#8221;20px&#8221; header_3_line_height=&#8221;1.5em&#8221; custom_margin=&#8221;||10px||false|false&#8221; header_3_font_size_tablet=&#8221;18px&#8221; header_3_font_size_phone=&#8221;16px&#8221; header_3_font_size_last_edited=&#8221;on|tablet&#8221; header_3_line_height_tablet=&#8221;1.7em&#8221; header_3_line_height_phone=&#8221;1.8em&#8221; header_3_line_height_last_edited=&#8221;on|phone&#8221; locked=&#8221;off&#8221; global_colors_info=&#8221;{}&#8221;]<\/p>\n<h3>Rio de Janeiro<\/h3>\n<p>R. da Alf\u00e2ndega, 100\/3\u00ba andar,<br \/>Centro &#8211; Rio de Janeiro \u2013 RJ<\/p>\n<p>&nbsp;<\/p>\n<p>&nbsp;<\/p>\n<p>[\/et_pb_text][\/et_pb_column][et_pb_column type=&#8221;1_3&#8243; _builder_version=&#8221;4.16&#8243; _module_preset=&#8221;default&#8221; global_colors_info=&#8221;{}&#8221;][et_pb_button button_url=&#8221;#&#8221; button_text=&#8221;+55 21 3299-8200&#8243; button_alignment=&#8221;left&#8221; _builder_version=&#8221;4.17.6&#8243; _module_preset=&#8221;default&#8221; custom_button=&#8221;on&#8221; button_text_size=&#8221;17px&#8221; button_border_width=&#8221;0px&#8221; button_icon=&#8221;&#xe090;||divi||400&#8243; button_icon_color=&#8221;#FFFFFF&#8221; button_icon_placement=&#8221;left&#8221; button_on_hover=&#8221;off&#8221; background_layout=&#8221;dark&#8221; custom_margin=&#8221;0px||0px||false|false&#8221; custom_padding=&#8221;0px||0px||false|false&#8221; global_colors_info=&#8221;{}&#8221;][\/et_pb_button][et_pb_button button_url=&#8221;mailto:cba@cbared.org.br&#8221; url_new_window=&#8221;on&#8221; button_text=&#8221;cba@cbared.org.br&#8221; button_alignment=&#8221;left&#8221; _builder_version=&#8221;4.17.6&#8243; _module_preset=&#8221;default&#8221; custom_button=&#8221;on&#8221; button_text_size=&#8221;17px&#8221; button_border_width=&#8221;0px&#8221; button_icon=&#8221;&#xe076;||divi||400&#8243; button_icon_color=&#8221;#FFFFFF&#8221; button_icon_placement=&#8221;left&#8221; button_on_hover=&#8221;off&#8221; background_layout=&#8221;dark&#8221; custom_margin=&#8221;0px||0px||false|false&#8221; custom_padding=&#8221;0px||0px||false|false&#8221; global_colors_info=&#8221;{}&#8221;][\/et_pb_button][\/et_pb_column][\/et_pb_row][et_pb_row _builder_version=&#8221;4.18.0&#8243; _module_preset=&#8221;default&#8221; global_colors_info=&#8221;{}&#8221;][et_pb_column type=&#8221;4_4&#8243; _builder_version=&#8221;4.18.0&#8243; _module_preset=&#8221;default&#8221; global_colors_info=&#8221;{}&#8221;][et_pb_text _builder_version=&#8221;4.18.0&#8243; _module_preset=&#8221;default&#8221; text_text_color=&#8221;#FFFFFF&#8221; link_text_color=&#8221;#FFFFFF&#8221; global_colors_info=&#8221;{}&#8221;]<\/p>\n<p><span>2022 \u00a9\u00a0 Cons\u00f3rcio Brasileiro de Acredita\u00e7\u00e3o &#8211; Todos os direitos reservados\u00a0 \u00a0| \u00a0\u00a0 <\/span><strong><a href=\"https:\/\/cbacred.org.br\/site\/politica-de-privacidade\/\">Pol\u00edtica de privacidade<\/a><\/strong><\/p>\n<p>[\/et_pb_text][\/et_pb_column][\/et_pb_row][\/et_pb_section]<\/p>\n","protected":false},"excerpt":{"rendered":"<p>Artigos e Not\u00edcias &nbsp; linkedinwhatsappinstagramRio de Janeiro R. da Alf\u00e2ndega, 100\/3\u00ba andar,Centro &#8211; Rio de Janeiro \u2013 RJ &nbsp; &nbsp;2022 \u00a9\u00a0 Cons\u00f3rcio Brasileiro de Acredita\u00e7\u00e3o &#8211; Todos os direitos reservados\u00a0 \u00a0| \u00a0\u00a0 Pol\u00edtica de privacidade<\/p>\n","protected":false},"author":1,"featured_media":0,"parent":0,"menu_order":0,"comment_status":"closed","ping_status":"closed","template":"","meta":{"_et_pb_use_builder":"on","_et_pb_old_content":"","_et_gb_content_width":"","footnotes":""},"yoast_head":"<!-- This site is optimized with the Yoast SEO plugin v23.1 - https:\/\/yoast.com\/wordpress\/plugins\/seo\/ -->\n<title>Not\u00edcias e Artigos - CBA<\/title>\n<meta name=\"robots\" content=\"index, follow, max-snippet:-1, max-image-preview:large, max-video-preview:-1\" \/>\n<link rel=\"canonical\" href=\"https:\/\/cbacred.org.br\/site\/noticias-e-artigos\/\" \/>\n<meta property=\"og:locale\" content=\"pt_BR\" \/>\n<meta property=\"og:type\" content=\"article\" \/>\n<meta property=\"og:title\" content=\"Not\u00edcias e Artigos - CBA\" \/>\n<meta property=\"og:description\" content=\"Artigos e Not\u00edcias &nbsp; linkedinwhatsappinstagramRio de Janeiro R. da Alf\u00e2ndega, 100\/3\u00ba andar,Centro - Rio de Janeiro \u2013 RJ &nbsp; &nbsp;2022 \u00a9\u00a0 Cons\u00f3rcio Brasileiro de Acredita\u00e7\u00e3o - Todos os direitos reservados\u00a0 \u00a0| \u00a0\u00a0 Pol\u00edtica de privacidade\" \/>\n<meta property=\"og:url\" content=\"https:\/\/cbacred.org.br\/site\/noticias-e-artigos\/\" \/>\n<meta property=\"og:site_name\" content=\"CBA\" \/>\n<meta property=\"article:modified_time\" content=\"2022-10-21T16:38:59+00:00\" \/>\n<meta name=\"twitter:card\" content=\"summary_large_image\" \/>\n<meta name=\"twitter:label1\" content=\"Est. tempo de leitura\" \/>\n\t<meta name=\"twitter:data1\" content=\"6 minutos\" \/>\n<script type=\"application\/ld+json\" class=\"yoast-schema-graph\">{\"@context\":\"https:\/\/schema.org\",\"@graph\":[{\"@type\":\"WebPage\",\"@id\":\"https:\/\/cbacred.org.br\/site\/noticias-e-artigos\/\",\"url\":\"https:\/\/cbacred.org.br\/site\/noticias-e-artigos\/\",\"name\":\"Not\u00edcias e Artigos - CBA\",\"isPartOf\":{\"@id\":\"https:\/\/cbacred.org.br\/site\/#website\"},\"datePublished\":\"2022-07-31T19:42:23+00:00\",\"dateModified\":\"2022-10-21T16:38:59+00:00\",\"breadcrumb\":{\"@id\":\"https:\/\/cbacred.org.br\/site\/noticias-e-artigos\/#breadcrumb\"},\"inLanguage\":\"pt-BR\",\"potentialAction\":[{\"@type\":\"ReadAction\",\"target\":[\"https:\/\/cbacred.org.br\/site\/noticias-e-artigos\/\"]}]},{\"@type\":\"BreadcrumbList\",\"@id\":\"https:\/\/cbacred.org.br\/site\/noticias-e-artigos\/#breadcrumb\",\"itemListElement\":[{\"@type\":\"ListItem\",\"position\":1,\"name\":\"In\u00edcio\",\"item\":\"https:\/\/cbacred.org.br\/site\/\"},{\"@type\":\"ListItem\",\"position\":2,\"name\":\"Not\u00edcias e Artigos\"}]},{\"@type\":\"WebSite\",\"@id\":\"https:\/\/cbacred.org.br\/site\/#website\",\"url\":\"https:\/\/cbacred.org.br\/site\/\",\"name\":\"CBA\",\"description\":\"Cons\u00f3rcio Brasileiro de Acredita\u00e7\u00e3o\",\"potentialAction\":[{\"@type\":\"SearchAction\",\"target\":{\"@type\":\"EntryPoint\",\"urlTemplate\":\"https:\/\/cbacred.org.br\/site\/?s={search_term_string}\"},\"query-input\":\"required name=search_term_string\"}],\"inLanguage\":\"pt-BR\"}]}<\/script>\n<!-- \/ Yoast SEO plugin. -->","yoast_head_json":{"title":"Not\u00edcias e Artigos - CBA","robots":{"index":"index","follow":"follow","max-snippet":"max-snippet:-1","max-image-preview":"max-image-preview:large","max-video-preview":"max-video-preview:-1"},"canonical":"https:\/\/cbacred.org.br\/site\/noticias-e-artigos\/","og_locale":"pt_BR","og_type":"article","og_title":"Not\u00edcias e Artigos - CBA","og_description":"Artigos e Not\u00edcias &nbsp; linkedinwhatsappinstagramRio de Janeiro R. da Alf\u00e2ndega, 100\/3\u00ba andar,Centro - Rio de Janeiro \u2013 RJ &nbsp; &nbsp;2022 \u00a9\u00a0 Cons\u00f3rcio Brasileiro de Acredita\u00e7\u00e3o - Todos os direitos reservados\u00a0 \u00a0| \u00a0\u00a0 Pol\u00edtica de privacidade","og_url":"https:\/\/cbacred.org.br\/site\/noticias-e-artigos\/","og_site_name":"CBA","article_modified_time":"2022-10-21T16:38:59+00:00","twitter_card":"summary_large_image","twitter_misc":{"Est. tempo de leitura":"6 minutos"},"schema":{"@context":"https:\/\/schema.org","@graph":[{"@type":"WebPage","@id":"https:\/\/cbacred.org.br\/site\/noticias-e-artigos\/","url":"https:\/\/cbacred.org.br\/site\/noticias-e-artigos\/","name":"Not\u00edcias e Artigos - CBA","isPartOf":{"@id":"https:\/\/cbacred.org.br\/site\/#website"},"datePublished":"2022-07-31T19:42:23+00:00","dateModified":"2022-10-21T16:38:59+00:00","breadcrumb":{"@id":"https:\/\/cbacred.org.br\/site\/noticias-e-artigos\/#breadcrumb"},"inLanguage":"pt-BR","potentialAction":[{"@type":"ReadAction","target":["https:\/\/cbacred.org.br\/site\/noticias-e-artigos\/"]}]},{"@type":"BreadcrumbList","@id":"https:\/\/cbacred.org.br\/site\/noticias-e-artigos\/#breadcrumb","itemListElement":[{"@type":"ListItem","position":1,"name":"In\u00edcio","item":"https:\/\/cbacred.org.br\/site\/"},{"@type":"ListItem","position":2,"name":"Not\u00edcias e Artigos"}]},{"@type":"WebSite","@id":"https:\/\/cbacred.org.br\/site\/#website","url":"https:\/\/cbacred.org.br\/site\/","name":"CBA","description":"Cons\u00f3rcio Brasileiro de Acredita\u00e7\u00e3o","potentialAction":[{"@type":"SearchAction","target":{"@type":"EntryPoint","urlTemplate":"https:\/\/cbacred.org.br\/site\/?s={search_term_string}"},"query-input":"required name=search_term_string"}],"inLanguage":"pt-BR"}]}},"_links":{"self":[{"href":"https:\/\/cbacred.org.br\/site\/wp-json\/wp\/v2\/pages\/4091"}],"collection":[{"href":"https:\/\/cbacred.org.br\/site\/wp-json\/wp\/v2\/pages"}],"about":[{"href":"https:\/\/cbacred.org.br\/site\/wp-json\/wp\/v2\/types\/page"}],"author":[{"embeddable":true,"href":"https:\/\/cbacred.org.br\/site\/wp-json\/wp\/v2\/users\/1"}],"replies":[{"embeddable":true,"href":"https:\/\/cbacred.org.br\/site\/wp-json\/wp\/v2\/comments?post=4091"}],"version-history":[{"count":13,"href":"https:\/\/cbacred.org.br\/site\/wp-json\/wp\/v2\/pages\/4091\/revisions"}],"predecessor-version":[{"id":4222,"href":"https:\/\/cbacred.org.br\/site\/wp-json\/wp\/v2\/pages\/4091\/revisions\/4222"}],"wp:attachment":[{"href":"https:\/\/cbacred.org.br\/site\/wp-json\/wp\/v2\/media?parent=4091"}],"curies":[{"name":"wp","href":"https:\/\/api.w.org\/{rel}","templated":true}]}}